{"id":151,"date":"2020-09-03T10:20:30","date_gmt":"2020-09-03T08:20:30","guid":{"rendered":"http:\/\/www.oneiron.org\/?page_id=151"},"modified":"2020-09-03T10:26:06","modified_gmt":"2020-09-03T08:26:06","slug":"o-ogladajacy","status":"publish","type":"page","link":"https:\/\/www.oneiron.pl\/index.php\/o-czarnych-kartach\/o-ogladajacy\/","title":{"rendered":"O Ogl\u0105daj\u0105cy!"},"content":{"rendered":"\n<p><strong>O Ogl\u0105daj\u0105cy<\/strong><\/p>\n\n\n\n<p class=\"has-text-align-left\">\u201e<strong>Nowy bezpretensjonalny chaos w obrazkach\u201d<\/strong><\/p>\n\n\n\n<p>nie jest oczywi\u015bcie utworem elitarnym: bowiem jest nawet w wi\u0119kszym stopniu Twoj\u0105 w\u0142asno\u015bci\u0105 ni\u017ali nasz\u0105. Tym niemniej w stopniu najwi\u0119kszym posi\u0105d\u0105 go te osoby, kt\u00f3re dysponuj\u0105 darem pojmowania Chaosu. Te osoby nie doznaj\u0105 nawet zdziwienia, je\u015bli wyznamy na wst\u0119pie, ze dalecy jeste\u015bmy od wiary w jakikolwiek Chaos: przy czym w og\u00f3le nie ma mowy o tym, by\u015bmy uwa\u017cali Chaos za co\u015b, co w jakiejkolwiek formie mo\u017ce by\u0107 egzystencjalnie potrzebne lub przydatne. Dlatego, gdyby nie Chaos zawarty immanentnie w zestawie prezentowanych utwor\u00f3w, to najch\u0119tniej nazwaliby\u015bmy je NOWYM BEZPRETENSJONALNYM PISMEM OBRAZKOWYM albo NOWYM PISMEM OBRAZKOWYM. Albo OBRAZKAMI. Albo w og\u00f3le by\u015bmy tego nie nazywali. I nie pokazywali. Ale skoro si\u0119 ju\u017c tak sta\u0142o, to trudno.<\/p>\n\n\n\n<p>Bezsprzecznie. Utw\u00f3r nasz jest ze wszech miar doskona\u0142y. To si\u0119 samo rzuca w oczy. Nie znaczy to, \u017ce w perfekcjonistyczny spos\u00f3b realizuje kt\u00f3r\u0105\u015b z b\u0119d\u0105cych w obiegu doktryn artystycznych: przeciwnie, nie ma z nimi \u017cadnego zwi\u0105zku, a nawet je\u015bli ma, to jest to zwi\u0105zek negatywny, pozorny lub nonszalancki.<\/p>\n\n\n\n<p>Nie mo\u017cna ukry\u0107, \u017ce <em>primum movens<\/em> do powstania Dzie\u0142a by\u0142a przyrodzona nam wszystkim ch\u0119\u0107 znalezienia Prawdy. Na Prawd\u0119 zawsze spogl\u0105dali\u015bmy \u0142akomie, niczym kot na sperk\u0119. Poj\u0119li\u015bmy jednak, \u017ce prawdziwa Prawda mo\u017ce by\u0107 tylko anonimowa. \u017be jest ANONIMEM. A prawdziwie Anonimowe mo\u017ce by\u0107 tylko to co kolektywne. Anonim indywidualny, przesycony \u015bladami obecno\u015bci ego, jest anonimem wielce w\u0105tpliwym. W kolektywno\u015bci bior\u0105 udzia\u0142 interferencje, relacje, koincydencje, a to w rezultacie rozsadza ograniczenia personalnej osobowo\u015bci, tworz\u0105c <strong>supraosobowo\u015b\u0107<\/strong>, co nie jest niczym innym jak naukowym modelem Chaosu.<\/p>\n\n\n\n<p>Nie mo\u017cna ukry\u0107, r\u00f3wnie\u017c, \u017ce Chaos wyda\u0142 nam si\u0119 interesuj\u0105cym zagadnieniem estetycznym. Powodem tego by\u0142o prze\u015bwiadczenie , \u017ce Chaos jako cel by\u0142 dotychczas obcy dzia\u0142aj\u0105cym Wielkim Artystom. Gratulujemy wi\u0119c sobie samym oryginalno\u015bci.<\/p>\n\n\n\n<p>Z przedstawionych na niniejszej wystawie utwor\u00f3w wynika, \u017ce Chaos sk\u0142ada si\u0119 z pi\u0119ciu podstawowych element\u00f3w, kt\u00f3re w przedstawionych utworach symbolizuj\u0105 nast\u0119puj\u0105ce fikcje ikoniczne:<\/p>\n\n\n\n<p>POWIETRZE: t\u0119cza, rado\u015b\u0107, zegar, yoga, nirwana, Abraxas, \u015bcie\u017cka cnoty, Ikar, embrion smoka, \u0142\u00f3d\u017a, ogon w\u0119\u017ca, ptak-ryba, anio\u0142 wiatr\u00f3w dnia, Yang.<\/p>\n\n\n\n<p>WODA: niebo, owalna wyspa, Eros, brodata Ewa, zdr\u00f3j pe\u0142en rozumu, etatowa tancerka, Eden, nago\u015b\u0107, stare jajo, obieg nasienia, anus ludzki, narz\u0105d erekcji.<\/p>\n\n\n\n<p>ZIEMIA: powierzchnia iglastego stoku, matrix opus \u015bledz\u0105ca wyniki, inicjacja, ewokacja, teurgia, elizjum w otch\u0142ani, bruzda, rozdarcie archetypu, znana ka\u017cdemu Apokalipsa, ca\u0142un, hermafrodyta.<\/p>\n\n\n\n<p>OGIE\u0143: joni ektoplazma, stary trup robaczywy, zjawisko erupcji, cudowna zagadka amorficzno\u015bci \u015blimaka, wymioty i ekstazy, twarda analiza, ognista doskona\u0142o\u015b\u0107.<\/p>\n\n\n\n<p>ETER: katharsis, tajemnica oka, ryba, eunuch, jad w\u0119\u017ca, antypody rozumu, antypody halucynacji, ukryta jako\u015b\u0107, onan-monan.<\/p>\n\n\n\n<p>W celu dokonania realizacji stworzyli\u015bmy anonimow\u0105 i nieistniej\u0105c\u0105 lig\u0119 spostrze\u017ce\u0144 duchowych, maj\u0105c pocz\u0105tkowo zamiar nie ujawnia\u0107 si\u0119, a tym samym zatai\u0107 nasze personalia przed Tob\u0105. Poznali\u015bmy jednak, \u017ce by\u0142by to dow\u00f3d uleg\u0142o\u015bci wobec narzucaj\u0105cej si\u0119 konsekwencji, kt\u00f3ra pomimo p\u0142aczliwych pr\u00f3\u015bb, trzymamy w przedpokoju. Uznali\u015bmy poza tym, \u017ce personalia nasze i tak ci niczego nie powiedz\u0105 ani nie wyja\u015bni\u0105.<\/p>\n\n\n\n<p>Oto wi\u0119c one:<\/p>\n\n\n\n<p>ANTONI HALOR, Siemianowice \u015al., ul. 1 Maja 20a, tel. 2824475<\/p>\n\n\n\n<p>(w sprawie szczeg\u00f3\u0142owej biografii radzimy zwr\u00f3ci\u0107 si\u0119 na adres powy\u017cszy, gdy\u017c autor charakteryzuje si\u0119 nieobecno\u015bci\u0105).<\/p>\n\n\n\n<p>ANDRZEJ URBANOWICZ, Katowice, Piastowska 1\/10, tel. 39639<\/p>\n\n\n\n<p>Na \u017cycie moje najbardziej wp\u0142yn\u0105\u0142 fakt narodzin na ziemi, co nast\u0105pi\u0142o. Fakt ten mia\u0142 wp\u0142yw na moj\u0105 post\u0119puj\u0105c\u0105 degeneracj\u0119, kt\u00f3rej apogeum przypada. Przyja\u017ani\u0119 si\u0119 z moja degeneracj\u0105 i to zapewnia mi powodzenie.<\/p>\n\n\n\n<p>Posiadam zbiory w obrazach.<\/p>\n\n\n\n<p>HENRYK WANIEK, Katowice, M\u0142y\u0144ska 19, skr. P. 1039, tel. 30137<\/p>\n\n\n\n<p>Nie wiem, doprawdy nie wiem, co zdeterminowa\u0142o moje \u017cycie w stopniu najwi\u0119kszym. Podejrzewam jednak, \u017ce determinant\u0105 t\u0105 jeste\u015b w\u0142a\u015bnie Ty i cieszy\u0142bym si\u0119 ogromnie, gdyby tak by\u0142o naprawd\u0119. Je\u015bli chodzi o studia i dyplomu, to nie studiowa\u0142em nigdzie, a dyplom\u00f3w mam ca\u0142e stosy. Obrazy w zbiorach londy\u0144skiego Zoo.<\/p>\n\n\n\n<p>URSZULA BROLL, Katowice, Piastowska 1\/10, tel. 39639<\/p>\n\n\n\n<p>Urodzi\u0142am si\u0119 w 1450. To ujawnia Wszystko. Moim ojcem by\u0142 Fiolito. Zajmuje si\u0119 \u017cyciem, za co zosta\u0142am odznaczona.<\/p>\n\n\n\n<p>ZYGMUNT STUCHLIK, Orzesze, Podg\u00f3rska 1, bez telefonu<\/p>\n\n\n\n<p>W sprawie istotnych szczeg\u00f3\u0142\u00f3w biograficznych radzimy si\u0119 zwr\u00f3ci\u0107 na adres powy\u017cszy, gdzie autor czasowo przebywa).<\/p>\n\n\n\n<p>Pierwodruk (w:) <em>Nowy bezpretensjonalny chaos w obrazkach<\/em> (kat. Wyst.), Galeria Wsp\u00f3\u0142czesna, KMPiK \u201eRUCH\u201d, Warszawa 1970<\/p>\n","protected":false},"excerpt":{"rendered":"<p>O Ogl\u0105daj\u0105cy \u201eNowy bezpretensjonalny chaos w obrazkach\u201d nie jest oczywi\u015bcie utworem elitarnym: bowiem jest nawet w wi\u0119kszym stopniu Twoj\u0105 w\u0142asno\u015bci\u0105 ni\u017ali nasz\u0105. Tym niemniej w stopniu najwi\u0119kszym posi\u0105d\u0105 go te osoby, kt\u00f3re dysponuj\u0105 darem pojmowania Chaosu. Te osoby nie doznaj\u0105 nawet zdziwienia, je\u015bli wyznamy na wst\u0119pie, ze dalecy jeste\u015bmy od wiary w jakikolwiek Chaos: przy&#8230; <\/p>\n<div class=\"read-more navbutton\"><a href=\"https:\/\/www.oneiron.pl\/index.php\/o-czarnych-kartach\/o-ogladajacy\/\">Read More<i class=\"fa fa-angle-double-right\"><\/i><\/a><\/div>\n","protected":false},"author":4,"featured_media":0,"parent":106,"menu_order":0,"comment_status":"closed","ping_status":"closed","template":"","meta":{"footnotes":""},"class_list":["post-151","page","type-page","status-publish","hentry"],"_links":{"self":[{"href":"https:\/\/www.oneiron.pl\/index.php\/wp-json\/wp\/v2\/pages\/151","targetHints":{"allow":["GET"]}}],"collection":[{"href":"https:\/\/www.oneiron.pl\/index.php\/wp-json\/wp\/v2\/pages"}],"about":[{"href":"https:\/\/www.oneiron.pl\/index.php\/wp-json\/wp\/v2\/types\/page"}],"author":[{"embeddable":true,"href":"https:\/\/www.oneiron.pl\/index.php\/wp-json\/wp\/v2\/users\/4"}],"replies":[{"embeddable":true,"href":"https:\/\/www.oneiron.pl\/index.php\/wp-json\/wp\/v2\/comments?post=151"}],"version-history":[{"count":1,"href":"https:\/\/www.oneiron.pl\/index.php\/wp-json\/wp\/v2\/pages\/151\/revisions"}],"predecessor-version":[{"id":152,"href":"https:\/\/www.oneiron.pl\/index.php\/wp-json\/wp\/v2\/pages\/151\/revisions\/152"}],"up":[{"embeddable":true,"href":"https:\/\/www.oneiron.pl\/index.php\/wp-json\/wp\/v2\/pages\/106"}],"wp:attachment":[{"href":"https:\/\/www.oneiron.pl\/index.php\/wp-json\/wp\/v2\/media?parent=151"}],"curies":[{"name":"wp","href":"https:\/\/api.w.org\/{rel}","templated":true}]}}